{"id":267277,"date":"2025-10-01T14:17:21","date_gmt":"2025-10-01T12:17:21","guid":{"rendered":"https:\/\/www.horecaexpo.be\/session\/congres-national-foodservice-5\/"},"modified":"2025-10-29T08:59:41","modified_gmt":"2025-10-29T07:59:41","slug":"congres-national-foodservice-5","status":"publish","type":"activity","link":"https:\/\/www.horecaexpo.be\/fr\/session\/congres-national-foodservice-5\/","title":{"rendered":"Congr\u00e8s National Foodservice"},"content":{"rendered":"\n<p>Comme chaque ann\u00e9e, Foodservice Alliance organise son Congr\u00e8s National Foodservice lors de Horeca Expo. Pour la 17e fois, cet \u00e9v\u00e9nement rassemble tous les professionnels qui comptent vraiment dans le march\u00e9 belge de la restauration hors domicile. L&rsquo;objectif : d\u00e9finir l&rsquo;avenir de l&rsquo;alimentation et des boissons en dehors du foyer !<br\/>Le mardi 18 novembre, le congr\u00e8s propose un aper\u00e7u des coulisses du secteur, avec des analyses pointues du march\u00e9 actuel et une fantastique s\u00e9lection d&rsquo;intervenants issus du terrain:<br\/><\/p>\n\n<ul class=\"wp-block-list\">\n<li><strong>J\u00e9r\u00f4me &amp; Philippe Vandermeulen, founders Manhattn\u2019s<\/strong><\/li>\n\n\n\n<li><strong>Ga\u00ebtan Schooneknaep<\/strong>, Business Director Exki<\/li>\n\n\n\n<li><strong>Caroline Aelvoet<\/strong>, CEO Sodexo Belgi\u00eb<\/li>\n\n\n\n<li><strong>David Van den Weghe<\/strong>, CEO Colmar Group<\/li>\n\n\n\n<li><strong>Gert Laurijssen<\/strong>, Foodservice Alliance<\/li>\n\n\n\n<li><strong>Miguel Chilleron Filoso<\/strong>, Director AI &amp; Design bij Livit Design.<\/li>\n<\/ul>\n\n<p>Session matinale \u00e0 partir de 8h, suivie d\u2019un d\u00e9jeuner r\u00e9seautage.<br\/>Ou d\u00e9but \u00e0 12h30 avec le d\u00e9jeuner, suivi des sessions de l\u2019apr\u00e8s-midi.<br\/><\/p>\n\n<p>Le prix d&rsquo;entr\u00e9e est de 795 euros (hors TVA et frais de service) pour une session. Les membres de la FSA peuvent participer gratuitement.<\/p>\n","protected":false},"excerpt":{"rendered":"<p>Comme chaque ann\u00e9e, Foodservice Alliance organise son Congr\u00e8s National Foodservice lors de Horeca Expo. Pour la 17e fois, cet \u00e9v\u00e9nement rassemble tous les professionnels qui comptent vraiment dans le march\u00e9 belge de la restauration hors domicile. L&rsquo;objectif : d\u00e9finir l&rsquo;avenir de l&rsquo;alimentation et des boissons en dehors du foyer !Le mardi 18 novembre, le congr\u00e8s [&hellip;]<\/p>\n","protected":false},"featured_media":0,"template":"","meta":{"_seopress_robots_primary_cat":"","_seopress_titles_title":"Nationaal Foodservice Congres","_seopress_titles_desc":"Op dinsdag 18 november 2025 om 8u30 of om 12u30 georganiseerd door Foodservice Alliance.","_seopress_robots_index":"","_activity_time_start":"12:30","_activity_time_end":"18:00","_activity_date":"2025-11-18","_activity_price":"0","footnotes":""},"edition":[],"location":[1499],"track":[],"activity_type":[],"class_list":["post-267277","activity","type-activity","status-publish","hentry","location-flex"],"_guests":[],"_sponsors":[],"_cover_image":null,"_links":{"self":[{"href":"https:\/\/www.horecaexpo.be\/fr\/wp-json\/wp\/v2\/activity\/267277","targetHints":{"allow":["GET"]}}],"collection":[{"href":"https:\/\/www.horecaexpo.be\/fr\/wp-json\/wp\/v2\/activity"}],"about":[{"href":"https:\/\/www.horecaexpo.be\/fr\/wp-json\/wp\/v2\/types\/activity"}],"version-history":[{"count":0,"href":"https:\/\/www.horecaexpo.be\/fr\/wp-json\/wp\/v2\/activity\/267277\/revisions"}],"wp:attachment":[{"href":"https:\/\/www.horecaexpo.be\/fr\/wp-json\/wp\/v2\/media?parent=267277"}],"wp:term":[{"taxonomy":"edition","embeddable":true,"href":"https:\/\/www.horecaexpo.be\/fr\/wp-json\/wp\/v2\/edition?post=267277"},{"taxonomy":"location","embeddable":true,"href":"https:\/\/www.horecaexpo.be\/fr\/wp-json\/wp\/v2\/location?post=267277"},{"taxonomy":"track","embeddable":true,"href":"https:\/\/www.horecaexpo.be\/fr\/wp-json\/wp\/v2\/track?post=267277"},{"taxonomy":"activity_type","embeddable":true,"href":"https:\/\/www.horecaexpo.be\/fr\/wp-json\/wp\/v2\/activity_type?post=267277"}],"curies":[{"name":"wp","href":"https:\/\/api.w.org\/{rel}","templated":true}]}}

Congrès National Foodservice

<p>Comme chaque année, Foodservice Alliance organise son Congrès National Foodservice lors de Horeca Expo. Pour la 17e fois, cet événement rassemble tous les professionnels qui comptent vraiment dans le marché belge de la restauration hors domicile. L&rsquo;objectif : définir l&rsquo;avenir de l&rsquo;alimentation et des boissons en dehors du foyer !<br/>Le mardi 18 novembre, le congrès propose un aperçu des coulisses du secteur, avec des analyses pointues du marché actuel et une fantastique sélection d&rsquo;intervenants issus du terrain:<br/></p>

<ul class="wp-block-list">
<li><strong>Jérôme &amp; Philippe Vandermeulen, founders Manhattn’s</strong></li>



<li><strong>Gaëtan Schooneknaep</strong>, Business Director Exki</li>



<li><strong>Caroline Aelvoet</strong>, CEO Sodexo België</li>



<li><strong>David Van den Weghe</strong>, CEO Colmar Group</li>



<li><strong>Gert Laurijssen</strong>, Foodservice Alliance</li>



<li><strong>Miguel Chilleron Filoso</strong>, Director AI &amp; Design bij Livit Design.</li>
</ul>

<p>Session matinale à partir de 8h, suivie d’un déjeuner réseautage.<br/>Ou début à 12h30 avec le déjeuner, suivi des sessions de l’après-midi.<br/></p>

<p>Le prix d&rsquo;entrée est de 795 euros (hors TVA et frais de service) pour une session. Les membres de la FSA peuvent participer gratuitement.</p>

<p>Comme chaque année, Foodservice Alliance organise son Congrès National Foodservice lors de Horeca Expo. Pour la 17e fois, cet événement rassemble tous les professionnels qui comptent vraiment dans le marché belge de la restauration hors domicile. L&rsquo;objectif : définir l&rsquo;avenir de l&rsquo;alimentation et des boissons en dehors du foyer !Le mardi 18 novembre, le congrès [&hellip;]</p>
