{"id":267233,"date":"2025-10-01T13:21:43","date_gmt":"2025-10-01T11:21:43","guid":{"rendered":"https:\/\/www.horecaexpo.be\/session\/demonstrations-de-cuisines-collectives\/"},"modified":"2025-10-07T13:30:36","modified_gmt":"2025-10-07T11:30:36","slug":"demonstrations-de-cuisines-collectives","status":"publish","type":"activity","link":"https:\/\/www.horecaexpo.be\/fr\/session\/demonstrations-de-cuisines-collectives\/","title":{"rendered":"D\u00e9monstrations de cuisines collectives"},"content":{"rendered":"\n<p>L&rsquo;Association des Chefs de Grandes Cuisines Flamandes (V.V.G.) organise, lors du salon Horeca Expo, une d\u00e9monstration \u00e0 laquelle participent cinq \u00e9coles h\u00f4teli\u00e8res flamandes disposant d&rsquo;une section \u00ab\u00a0grande cuisine\u00a0\u00bb. Leur mission consiste \u00e0 cr\u00e9er un menu de trois plats pour une cuisine collective. La composition et la m\u00e9thode de pr\u00e9paration doivent r\u00e9pondre aux exigences d&rsquo;un r\u00e9gime alimentaire sain et \u00e9quilibr\u00e9.<\/p>\n\n<p>En organisant cette d\u00e9monstration, V.V.G. poursuit plusieurs objectifs :<\/p>\n\n<ul class=\"wp-block-list\">\n<li>Cr\u00e9er des plats de f\u00eate nouveaux et originaux.<\/li>\n\n\n\n<li>Encourager des proc\u00e9d\u00e9s de pr\u00e9paration nouveaux et alternatifs.<\/li>\n\n\n\n<li>\u00adAttirer l&rsquo;attention sur la qualit\u00e9, l&rsquo;hygi\u00e8ne et la s\u00e9curit\u00e9 alimentaire dans les cuisines commerciales.<\/li>\n\n\n\n<li>\u00c9tablir les contacts n\u00e9cessaires au sein du secteur lors du salon.<\/li>\n\n\n\n<li>Dynamiser davantage la Belgique en tant que centre culinaire de l&rsquo;Europe.<\/li>\n\n\n\n<li>Valoriser le secteur de la restauration et promouvoir la profession de cuisinier en restauration collective.<\/li>\n<\/ul>\n\n<p>Lors de cette d\u00e9monstration, la \u00ab\u00a0Journ\u00e9e du Chef de Grande Cuisine\u00a0\u00bb sera \u00e9galement c\u00e9l\u00e9br\u00e9e. Tous les membres des associations provinciales sont invit\u00e9s \u00e0 assister \u00e0 la d\u00e9monstration lors de leur visite au salon. Une r\u00e9ception continue est organis\u00e9e \u00e0 proximit\u00e9 de la cuisine de d\u00e9monstration. Une tribune spacieuse est install\u00e9e pour permettre au public de suivre la d\u00e9monstration. Une trentaine d&rsquo;invit\u00e9s (membres d&rsquo;honneur, sponsors, presse) d\u00e9gusteront le menu en tant qu&rsquo;invit\u00e9s VIP.<\/p>\n\n<p><\/p>\n\n<p><\/p>\n","protected":false},"excerpt":{"rendered":"<p>L&rsquo;Association des Chefs de Grandes Cuisines Flamandes (V.V.G.) organise, lors du salon Horeca Expo, une d\u00e9monstration \u00e0 laquelle participent cinq \u00e9coles h\u00f4teli\u00e8res flamandes disposant d&rsquo;une section \u00ab\u00a0grande cuisine\u00a0\u00bb. Leur mission consiste \u00e0 cr\u00e9er un menu de trois plats pour une cuisine collective. La composition et la m\u00e9thode de pr\u00e9paration doivent r\u00e9pondre aux exigences d&rsquo;un r\u00e9gime [&hellip;]<\/p>\n","protected":false},"featured_media":0,"template":"","meta":{"_seopress_robots_primary_cat":"","_seopress_titles_title":"D\u00e9monstrations de cuisines collectives","_seopress_titles_desc":"Le mardi 18 novembre 2025 de 10h00 \u00e0 18h00, organis\u00e9 par Vlaamse vereniging van grootkeukenkoks.","_seopress_robots_index":"","_activity_time_start":"10:00","_activity_time_end":"18:00","_activity_date":"2025-11-18","_activity_price":"","footnotes":""},"edition":[],"location":[283],"track":[],"activity_type":[],"class_list":["post-267233","activity","type-activity","status-publish","hentry","location-competition-kitchen"],"_guests":[],"_sponsors":[],"_cover_image":null,"_links":{"self":[{"href":"https:\/\/www.horecaexpo.be\/fr\/wp-json\/wp\/v2\/activity\/267233","targetHints":{"allow":["GET"]}}],"collection":[{"href":"https:\/\/www.horecaexpo.be\/fr\/wp-json\/wp\/v2\/activity"}],"about":[{"href":"https:\/\/www.horecaexpo.be\/fr\/wp-json\/wp\/v2\/types\/activity"}],"version-history":[{"count":0,"href":"https:\/\/www.horecaexpo.be\/fr\/wp-json\/wp\/v2\/activity\/267233\/revisions"}],"wp:attachment":[{"href":"https:\/\/www.horecaexpo.be\/fr\/wp-json\/wp\/v2\/media?parent=267233"}],"wp:term":[{"taxonomy":"edition","embeddable":true,"href":"https:\/\/www.horecaexpo.be\/fr\/wp-json\/wp\/v2\/edition?post=267233"},{"taxonomy":"location","embeddable":true,"href":"https:\/\/www.horecaexpo.be\/fr\/wp-json\/wp\/v2\/location?post=267233"},{"taxonomy":"track","embeddable":true,"href":"https:\/\/www.horecaexpo.be\/fr\/wp-json\/wp\/v2\/track?post=267233"},{"taxonomy":"activity_type","embeddable":true,"href":"https:\/\/www.horecaexpo.be\/fr\/wp-json\/wp\/v2\/activity_type?post=267233"}],"curies":[{"name":"wp","href":"https:\/\/api.w.org\/{rel}","templated":true}]}}

Démonstrations de cuisines collectives

<p>L&rsquo;Association des Chefs de Grandes Cuisines Flamandes (V.V.G.) organise, lors du salon Horeca Expo, une démonstration à laquelle participent cinq écoles hôtelières flamandes disposant d&rsquo;une section « grande cuisine ». Leur mission consiste à créer un menu de trois plats pour une cuisine collective. La composition et la méthode de préparation doivent répondre aux exigences d&rsquo;un régime alimentaire sain et équilibré.</p>

<p>En organisant cette démonstration, V.V.G. poursuit plusieurs objectifs :</p>

<ul class="wp-block-list">
<li>Créer des plats de fête nouveaux et originaux.</li>



<li>Encourager des procédés de préparation nouveaux et alternatifs.</li>



<li>­Attirer l&rsquo;attention sur la qualité, l&rsquo;hygiène et la sécurité alimentaire dans les cuisines commerciales.</li>



<li>Établir les contacts nécessaires au sein du secteur lors du salon.</li>



<li>Dynamiser davantage la Belgique en tant que centre culinaire de l&rsquo;Europe.</li>



<li>Valoriser le secteur de la restauration et promouvoir la profession de cuisinier en restauration collective.</li>
</ul>

<p>Lors de cette démonstration, la « Journée du Chef de Grande Cuisine » sera également célébrée. Tous les membres des associations provinciales sont invités à assister à la démonstration lors de leur visite au salon. Une réception continue est organisée à proximité de la cuisine de démonstration. Une tribune spacieuse est installée pour permettre au public de suivre la démonstration. Une trentaine d&rsquo;invités (membres d&rsquo;honneur, sponsors, presse) dégusteront le menu en tant qu&rsquo;invités VIP.</p>

<p></p>

<p></p>

<p>L&rsquo;Association des Chefs de Grandes Cuisines Flamandes (V.V.G.) organise, lors du salon Horeca Expo, une démonstration à laquelle participent cinq écoles hôtelières flamandes disposant d&rsquo;une section « grande cuisine ». Leur mission consiste à créer un menu de trois plats pour une cuisine collective. La composition et la méthode de préparation doivent répondre aux exigences d&rsquo;un régime [&hellip;]</p>

Le mardi 18 novembre 2025 de 10h00 à 18h00, organisé par Vlaamse vereniging van grootkeukenkoks.
