{"id":267223,"date":"2025-10-01T11:38:36","date_gmt":"2025-10-01T09:38:36","guid":{"rendered":"https:\/\/www.horecaexpo.be\/session\/masterclass-by-benoit-dewitte\/"},"modified":"2025-10-17T10:06:18","modified_gmt":"2025-10-17T08:06:18","slug":"masterclass-by-benoit-dewitte","status":"publish","type":"activity","link":"https:\/\/www.horecaexpo.be\/fr\/session\/masterclass-by-benoit-dewitte\/","title":{"rendered":"Masterclass by Benoit Dewitte"},"content":{"rendered":"\n<p>Une masterclass organis\u00e9e par Pastrytect.<\/p>\n\n<p>Les architectes culinaires Brent Maes et Maxime Gaethofs invitent Benoit Dewitte et vous emm\u00e8nent \u00e0 la d\u00e9couverte de leur parcours dans le domaine du conseil gastronomique. PASTRYTECT se lance dans la pr\u00e9paration d&rsquo;un classique sucr\u00e9, tandis que Benoit Dewitte opte pour un plat sal\u00e9, accompagn\u00e9 des huiles de Gronn.<\/p>\n","protected":false},"excerpt":{"rendered":"<p>Une masterclass organis\u00e9e par Pastrytect. Les architectes culinaires Brent Maes et Maxime Gaethofs invitent Benoit Dewitte et vous emm\u00e8nent \u00e0 la d\u00e9couverte de leur parcours dans le domaine du conseil gastronomique. PASTRYTECT se lance dans la pr\u00e9paration d&rsquo;un classique sucr\u00e9, tandis que Benoit Dewitte opte pour un plat sal\u00e9, accompagn\u00e9 des huiles de Gronn.<\/p>\n","protected":false},"featured_media":0,"template":"","meta":{"_seopress_robots_primary_cat":"","_seopress_titles_title":"Masterclass | Benoit Dewitte","_seopress_titles_desc":"Le mercredi 19 novembre 2025 de 13h30 \u00e0 14h15, organis\u00e9 par Pastrytect.","_seopress_robots_index":"","_activity_time_start":"13:30","_activity_time_end":"14:15","_activity_date":"2025-11-19","_activity_price":"0","footnotes":""},"edition":[],"location":[2695],"track":[],"activity_type":[],"class_list":["post-267223","activity","type-activity","status-publish","hentry","location-chefs-place"],"_guests":[],"_sponsors":[],"_cover_image":null,"_links":{"self":[{"href":"https:\/\/www.horecaexpo.be\/fr\/wp-json\/wp\/v2\/activity\/267223","targetHints":{"allow":["GET"]}}],"collection":[{"href":"https:\/\/www.horecaexpo.be\/fr\/wp-json\/wp\/v2\/activity"}],"about":[{"href":"https:\/\/www.horecaexpo.be\/fr\/wp-json\/wp\/v2\/types\/activity"}],"version-history":[{"count":0,"href":"https:\/\/www.horecaexpo.be\/fr\/wp-json\/wp\/v2\/activity\/267223\/revisions"}],"wp:attachment":[{"href":"https:\/\/www.horecaexpo.be\/fr\/wp-json\/wp\/v2\/media?parent=267223"}],"wp:term":[{"taxonomy":"edition","embeddable":true,"href":"https:\/\/www.horecaexpo.be\/fr\/wp-json\/wp\/v2\/edition?post=267223"},{"taxonomy":"location","embeddable":true,"href":"https:\/\/www.horecaexpo.be\/fr\/wp-json\/wp\/v2\/location?post=267223"},{"taxonomy":"track","embeddable":true,"href":"https:\/\/www.horecaexpo.be\/fr\/wp-json\/wp\/v2\/track?post=267223"},{"taxonomy":"activity_type","embeddable":true,"href":"https:\/\/www.horecaexpo.be\/fr\/wp-json\/wp\/v2\/activity_type?post=267223"}],"curies":[{"name":"wp","href":"https:\/\/api.w.org\/{rel}","templated":true}]}}

<p>Une masterclass organisée par Pastrytect.</p>

<p>Les architectes culinaires Brent Maes et Maxime Gaethofs invitent Benoit Dewitte et vous emmènent à la découverte de leur parcours dans le domaine du conseil gastronomique. PASTRYTECT se lance dans la préparation d&rsquo;un classique sucré, tandis que Benoit Dewitte opte pour un plat salé, accompagné des huiles de Gronn.</p>

<p>Une masterclass organisée par Pastrytect. Les architectes culinaires Brent Maes et Maxime Gaethofs invitent Benoit Dewitte et vous emmènent à la découverte de leur parcours dans le domaine du conseil gastronomique. PASTRYTECT se lance dans la préparation d&rsquo;un classique sucré, tandis que Benoit Dewitte opte pour un plat salé, accompagné des huiles de Gronn.</p>

Le mercredi 19 novembre 2025 de 13h30 à 14h15, organisé par Pastrytect.
